der when 1045 is divided by 35.
30
Calculate the remainder when 51 is divided by 18.
15
Calculate the remainder when 11934 is divided by 31.
30
What is the remainder when 116 is divided by 55?
6
What is the remainder when 345 is divided by 29?
26
Calculate the remainder when 226 is divided by 8.
2
What is the remainder when 149 is divided by 53?
43
Calculate the remainder when 523 is divided by 15.
13
Calculate the remainder when 625 is divided by 126.
121
Calculate the remainder when 6560 is divided by 33.
26
What is the remainder when 1284 is divided by 19?
11
Calculate the remainder when 583 is divided by 146.
145
Calculate the remainder when 34 is divided by 26.
8
Calculate the remainder when 56 is divided by 14.
0
What is the remainder when 420 is divided by 147?
126
Calculate the remainder when 655 is divided by 94.
91
What is the remainder when 442 is divided by 98?
50
What is the remainder when 320 is divided by 82?
74
What is the remainder when 18 is divided by 5?
3
What is the remainder when 5827 is divided by 108?
103
Calculate the remainder when 207 is divided by 13.
12
What is the remainder when 153 is divided by 4?
1
What is the remainder when 253 is divided by 6?
1
Calculate the remainder when 419 is divided by 116.
71
Calculate the remainder when 4911 is divided by 126.
123
Calculate the remainder when 276 is divided by 57.
48
What is the remainder when 236 is divided by 84?
68
What is the remainder when 1075 is divided by 25?
0
Calculate the remainder when 757 is divided by 292.
173
What is the remainder when 282 is divided by 57?
54
What is the remainder when 10581 is divided by 143?
142
What is the remainder when 2617 is divided by 4?
1
Calculate the remainder when 234 is divided by 52.
26
Calculate the remainder when 247 is divided by 21.
16
What is the remainder when 1277 is divided by 16?
13
What is the remainder when 106 is divided by 16?
10
What is the remainder when 640 is divided by 86?
38
What is the remainder when 29 is divided by 22?
7
Calculate the remainder when 121 is divided by 66.
55
What is the remainder when 740 is divided by 57?
56
What is the remainder when 195 is divided by 114?
81
Calculate the remainder when 112 is divided by 49.
14
What is the remainder when 225 is divided by 43?
10
What is the remainder when 105 is divided by 33?
6
What is the remainder when 7 is divided by 1?
0
Calculate the remainder when 73 is divided by 19.
16
What is the remainder when 250 is divided by 4?
2
What is the remainder when 202 is divided by 111?
91
What is the remainder when 1307 is divided by 164?
159
Calculate the remainder when 39 is divided by 14.
11
What is the remainder when 137 is divided by 28?
25
What is the remainder when 265 is divided by 27?
22
Calculate the remainder when 16052 is divided by 12.
8
What is the remainder when 4941 is divided by 6?
3
Calculate the remainder when 344 is divided by 101.
41
What is the remainder when 212 is divided by 199?
13
Calculate the remainder when 160 is divided by 152.
8
What is the remainder when 2080 is divided by 175?
155
What is the remainder when 1702 is divided by 170?
2
What is the remainder when 1605 is divided by 70?
65
What is the remainder when 105 is divided by 18?
15
Calculate the remainder when 71 is divided by 13.
6
What is the remainder when 357 is divided by 15?
12
Calculate the remainder when 34 is divided by 22.
12
Calculate the remainder when 8200 is divided by 59.
58
Calculate the remainder when 231 is divided by 15.
6
Calculate the remainder when 1700 is divided by 57.
47
What is the remainder when 1504 is divided by 35?
34
What is the remainder when 81 is divided by 41?
40
What is the remainder when 1342 is divided by 14?
12
Calculate the remainder when 250 is divided by 12.
10
Calculate the remainder when 193 is divided by 14.
11
Calculate the remainder when 493 is divided by 4.
1
What is the remainder when 41 is divided by 11?
8
Calculate the remainder when 994 is divided by 111.
106
What is the remainder when 157 is divided by 149?
8
What is the remainder when 233 is divided by 15?
8
What is the remainder when 2050 is divided by 98?
90
Calculate the remainder when 1411 is divided by 118.
113
What is the remainder when 80 is divided by 27?
26
What is the remainder when 236 is divided by 60?
56
Calculate the remainder when 220 is divided by 103.
14
What is the remainder when 45 is divided by 10?
5
Calculate the remainder when 285 is divided by 22.
21
Calculate the remainder when 1110 is divided by 127.
94
What is the remainder when 576 is divided by 265?
46
Calculate the remainder when 172 is divided by 87.
85
Calculate the remainder when 238 is divided by 9.
4
Calculate the remainder when 8725 is divided by 194.
189
What is the remainder when 1287 is divided by 638?
11
What is the remainder when 999 is divided by 88?
31
Calculate the remainder when 6817 is divided by 18.
13
Calculate the remainder when 799 is divided by 97.
23
What is the remainder when 413 is divided by 13?
10
What is the remainder when 11085 is divided by 44?
41
What is the remainder when 1017 is divided by 11?
5
Calculate the remainder when 726 is divided by 161.
82
Calculate the remainder when 1644 is divided by 208.
188
Calculate the remainder when 721 is divided by 91.
84
What is the remainder when 664 is divided by 19?
18
Calculate the remainder when 1073 is divided by 98.
93
What is the remainder when 1831 is divided by 1809?
22
What is the remainder when 263 is divided by 88?
87
What is the remainder when 632 is divided by 27?
11
What is the remainder when 20542 is divided by 24?
22
What is the remainder when 720 is divided by 13?
5
Calculate the remainder when 209 is divided by 71.
67
What is the remainder when 3161 is divided by 1578?
5
What is the remainder when 475 is divided by 106?
51
What is the remainder when 464 is divided by 109?
28
What is the remainder when 62 is divided by 8?
6
Calculate the remainder when 140 is divided by 15.
5
What is the remainder when 1401 is divided by 200?
1
What is the remainder when 2859 is divided by 13?
12
Calculate the remainder when 147 is divided by 50.
47
Calculate the remainder when 7393 is divided by 43.
40
Calculate the remainder when 35 is divided by 26.
9
What is the remainder when 530 is divided by 171?
17
What is the remainder when 6 is divided by 5?
1
What is the remainder when 833 is divided by 216?
185
What is the remainder when 164 is divided by 58?
48
Calculate the remainder when 6622 is divided by 18.
16
What is the remainder when 97 is divided by 50?
47
What is the remainder when 253 is divided by 17?
15
What is the remainder when 163 is divided by 46?
25
Calculate the remainder when 217 is divided by 104.
9
Calculate the remainder when 420 is divided by 143.
134
Calculate the remainder when 931 is divided by 305.
16
Calculate the remainder when 31 is divided by 2.
1
What is the remainder when 167 is divided by 84?
83
Calculate the remainder when 1343 is divided by 56.
55
What is the remainder when 1146 is divided by 60?
6
Calculate the remainder when 758 is divided by 69.
68
What is the remainder when 2026 is divided by 169?
167
What is the remainder when 439 is divided by 5?
4
Calculate the remainder when 157 is divided by 30.
7
Calculate the remainder when 1221 is divided by 18.
15
What is the remainder when 51 is divided by 16?
3
Calculate the remainder when 722 is divided by 36.
2
Calculate the remainder when 1538 is divided by 5.
3
What is the remainder when 1340 is divided by 29?
6
Calculate the remainder when 56990 is divided by 363.
362
What is the remainder when 2186 is divided by 115?
1
Calculate the remainder when 7390 is divided by 84.
82
Calculate the remainder when 253 is divided by 16.
13
Calculate the remainder when 285 is divided by 10.
5
Calculate the remainder when 335 is divided by 103.
26
Calculate the remainder when 147 is divided by 38.
33
Calculate the remainder when 122 is divided by 95.
27
Calculate the remainder when 3501 is divided by 270.
261
What is the remainder when 994 is divided by 255?
229
What is the remainder when 319 is divided by 120?
79
What is the remainder when 57 is divided by 44?
13
What is the remainder when 64 is divided by 62?
2
What is the remainder when 88 i